{"id":78,"date":"2018-04-22T14:03:36","date_gmt":"2018-04-22T12:03:36","guid":{"rendered":"http:\/\/valerielebrun.be\/?page_id=78"},"modified":"2025-03-17T19:13:59","modified_gmt":"2025-03-17T18:13:59","slug":"references","status":"publish","type":"page","link":"https:\/\/valerielebrun.be\/?page_id=78","title":{"rendered":"R\u00e9f\u00e9rences"},"content":{"rendered":"<p><style type=\"text\/css\"><\/style><\/p>\n<section class=\"kc-elm kc-css-2129875 kc_row\">\n<div class=\"kc-row-container  kc-container\">\n<div class=\"kc-wrap-columns\">\n<div class=\"kc-elm kc-css-1884169 kc_col-sm-12 kc_column kc_col-sm-12\">\n<div class=\"kc-col-container\">\n<div class=\"kc-elm kc-css-2243941 kc-raw-code\" style=\"text-align: left;\">\u00a0<\/div>\n<div>\u00a0<\/div>\n<div class=\"kc-elm kc-css-1165127 kc_text_block\">\n\n<iframe src=\"https:\/\/www.compsy.be\/psychologue\/embed\/24281\" style=\"width: 400px; height: 200px; border: none;\"><\/iframe>\n\n<p>Licenci\u00e9e en Sciences psychologiques en 1999 &#8211; Orientation Neuropsychologie<\/p>\n<p>Exp\u00e9rience professionnelle et formations compl\u00e9mentaires :<\/p>\n<ul>\n<li>formation compl\u00e9mentaire en psychologie de crise dispens\u00e9e par la Croix-Rouge de Belgique et plusieurs ann\u00e9es de volontariat au sein de leur Service d&rsquo;intervention psychosociale urgente (SISU)<\/li>\n<li>formation \u00e0 la Th\u00e9rapie Syst\u00e9mique Br\u00e8ve \u00e0 l&rsquo;Espace du Possible \u00e0 Tournai (2005 &#8211; 2006)<\/li>\n<li>formation \u00e0 l&rsquo;EMDR (Eye Movement Desensitization and Reprocessing) au BIPE (Institut belge de psychotraumatologie) \u00e0 Kortenberg (2006 &#8211; 2007)<\/li>\n<li>psychologue et psychoth\u00e9rapeute dans un service de gestion et de pr\u00e9vention du stress et du trauma (2003 &#8211; 2008)<\/li>\n<li>master compl\u00e9mentaire en gestion des risques et bien-\u00eatre au travail &#8211; Aspects psychosociaux du travail (2011 &#8211; 2013)<\/li>\n<li>conseiller en pr\u00e9vention sp\u00e9cialis\u00e9 dans les aspects psychosociaux du travail (2009 &#8211; 2018)<\/li>\n<li>formation MBSR (<span class=\"st\">R\u00e9duction du stress bas\u00e9e sur la pleine conscience) <\/span>\u00e0 l&rsquo;Institut Pleine conscience (2015)<\/li>\n<li>formation Coaching au CFIP \u00e0 Bruxelles (2018 &#8211; 2019)<\/li>\n<li>certificat d&rsquo;universit\u00e9 en Orthop\u00e9dagogie clinique \u00e0 LLN (2019)<\/li>\n<li>certification MBTI\u00ae (Myers-Briggs Type Indicator) (2022)<\/li>\n<li>je dispense \u00e9galement depuis pr\u00e8s de 20 ans des formations dans mon domaine d&rsquo;expertise : gestion du stress, communication, gestion des conflits, \u00e9coute active, aspects psychosociaux du travail, formation des personnes de confiance, les risques psychosociaux du point du vue des managers, &#8230;<\/li>\n<li>depuis 15 ans, j&rsquo;accompagne et supervise des personnes de confiance et des conseillers en pr\u00e9vention aspects psychosociaux dans l&rsquo;exercice de leur fonction, tant sur le plan technique qu&rsquo;\u00e9motionnel.<\/li>\n<li>je suis \u00e9galement intervenante pour le CFIP depuis 2018, comme consultante, coach et formatrice.<\/li>\n<\/ul>\n<\/div>\n<\/div>\n<\/div>\n<\/div>\n<\/div>\n<\/section>\n\n<div class=\"wp-block-image\">\n<figure class=\"aligncenter size-thumbnail is-resized\"><img loading=\"lazy\" decoding=\"async\" width=\"150\" height=\"150\" src=\"https:\/\/valerielebrun.be\/wp-content\/uploads\/2022\/11\/MBTI_Certified_logo_Francais-1-150x150.png\" alt=\"\" class=\"wp-image-245\" style=\"width:150px;height:150px\" srcset=\"https:\/\/valerielebrun.be\/wp-content\/uploads\/2022\/11\/MBTI_Certified_logo_Francais-1-150x150.png 150w, https:\/\/valerielebrun.be\/wp-content\/uploads\/2022\/11\/MBTI_Certified_logo_Francais-1-300x297.png 300w, https:\/\/valerielebrun.be\/wp-content\/uploads\/2022\/11\/MBTI_Certified_logo_Francais-1-100x100.png 100w\" sizes=\"auto, (max-width: 150px) 100vw, 150px\" \/><\/figure>\n<\/div>","protected":false},"excerpt":{"rendered":"<p>\u00a0 \u00a0 Licenci\u00e9e en Sciences psychologiques en 1999 &#8211; Orientation Neuropsychologie Exp\u00e9rience professionnelle et formations compl\u00e9mentaires : formation compl\u00e9mentaire en psychologie de crise dispens\u00e9e par la Croix-Rouge de Belgique et plusieurs ann\u00e9es de volontariat au sein de leur Service d&rsquo;intervention psychosociale urgente (SISU) formation \u00e0 la Th\u00e9rapie Syst\u00e9mique Br\u00e8ve \u00e0 l&rsquo;Espace du Possible \u00e0 Tournai &hellip; <\/p>\n<p class=\"link-more\"><a href=\"https:\/\/valerielebrun.be\/?page_id=78\" class=\"more-link\">Continuer la lecture<span class=\"screen-reader-text\"> de &laquo;&nbsp;R\u00e9f\u00e9rences&nbsp;&raquo;<\/span><\/a><\/p>\n","protected":false},"author":1,"featured_media":0,"parent":0,"menu_order":0,"comment_status":"closed","ping_status":"closed","template":"","meta":{"footnotes":""},"class_list":["post-78","page","type-page","status-publish","hentry"],"_links":{"self":[{"href":"https:\/\/valerielebrun.be\/index.php?rest_route=\/wp\/v2\/pages\/78","targetHints":{"allow":["GET"]}}],"collection":[{"href":"https:\/\/valerielebrun.be\/index.php?rest_route=\/wp\/v2\/pages"}],"about":[{"href":"https:\/\/valerielebrun.be\/index.php?rest_route=\/wp\/v2\/types\/page"}],"author":[{"embeddable":true,"href":"https:\/\/valerielebrun.be\/index.php?rest_route=\/wp\/v2\/users\/1"}],"replies":[{"embeddable":true,"href":"https:\/\/valerielebrun.be\/index.php?rest_route=%2Fwp%2Fv2%2Fcomments&post=78"}],"version-history":[{"count":27,"href":"https:\/\/valerielebrun.be\/index.php?rest_route=\/wp\/v2\/pages\/78\/revisions"}],"predecessor-version":[{"id":264,"href":"https:\/\/valerielebrun.be\/index.php?rest_route=\/wp\/v2\/pages\/78\/revisions\/264"}],"wp:attachment":[{"href":"https:\/\/valerielebrun.be\/index.php?rest_route=%2Fwp%2Fv2%2Fmedia&parent=78"}],"curies":[{"name":"wp","href":"https:\/\/api.w.org\/{rel}","templated":true}]}}